{"id":23637,"date":"2023-02-14T15:19:04","date_gmt":"2023-02-14T14:19:04","guid":{"rendered":"https:\/\/glazbena.hr\/?page_id=23637"},"modified":"2023-02-14T15:19:04","modified_gmt":"2023-02-14T14:19:04","slug":"izjava-o-pristupacnosti","status":"publish","type":"page","link":"https:\/\/glazbena.hr\/gb\/izjava-o-pristupacnosti\/","title":{"rendered":"Izjava o pristupa\u010dnosti"},"content":{"rendered":"<p>Glazbena \u0161kola u Vara\u017edinu nastoji svoje mre\u017ene stranice u\u010diniti pristupa\u010dnima u skladu sa Zakonom o pristupa\u010dnosti mre\u017enih stranica i programskih rje\u0161enja za pokretne ure\u0111aje tijela javnog sektora Republike Hrvatske (\u201eNarodne novine\u201c, broj 17\/19; dalje u tekstu: Zakon) kojim se prenosi Direktiva (EU) 2016\/2102 Europskog parlamenta i Vije\u0107a od 26. listopada 2016. o pristupa\u010dnosti internetskih stranica i mobilnih aplikacija tijela javnog sektora (SL L 327, 2.12.2016.).<\/p>\n<p>Ova Izjava o pristupa\u010dnosti primjenjuje se na internetske stranice Glazbene \u0161kole u Vara\u017edinu na mre\u017enom mjestu https:\/\/www.glazbena.hr<\/p>\n<h4>Stupanj uskla\u0111enosti<\/h4>\n<p>Ove internetske stranice djelomi\u010dno su uskla\u0111ene sa Zakonom o pristupa\u010dnosti mre\u017enih stranica i programskih rje\u0161enja za pokretne ure\u0111aje tijela javnog sektora Republike Hrvatske zbog neuskla\u0111enosti koje su navedene u nastavku.<\/p>\n<h4>Nepristupa\u010dan sadr\u017eaj<\/h4>\n<p>Sadr\u017eaj naveden u nastavku je nepristupa\u010dan iz razloga:<\/p>\n<ul>\n<li>omogu\u0107eno je kretanje po stanici putem tipkovnice, ali odabrani HTML element nije istaknut<\/li>\n<li>ne postoji mogu\u0107nost automatskog ispravljanja gre\u0161aka pri unosu teksta<\/li>\n<li>ne postoji opcija uklju\u010divanja fonta za osobe s disleksijom<\/li>\n<li>stranica nema mogu\u0107nost promjene kontrasta<\/li>\n<li>pojedine slike nemaju pridru\u017een odgovaraju\u0107i alt opis<\/li>\n<li>pojedine slike, grafovi i dijagrami nemaju prikladan opis<\/li>\n<li>ikone i slike nemaju pridru\u017een alt opis<\/li>\n<li>dio poveznica nije ozna\u010den podcrtavanjem ili na drugi dovoljno jasan na\u010din<\/li>\n<li>kretanje putem tipkovnice nije zadovoljavaju\u0107e jer se korisnik ne dobiva informacije o prikazu sko\u010dnih prozora<\/li>\n<li>nije osiguran alternativni pristup za nepristupa\u010dne sadr\u017eaje putem pridru\u017eenih zvu\u010dnih zapisa<\/li>\n<li>ve\u0107inu postavljenih datoteka nije mogu\u0107e pro\u010ditati pomo\u0107u \u010dita\u010da ekrana<\/li>\n<\/ul>\n<p>Glazbena \u0161kola u Vara\u017edinu radi na uklanjanju uo\u010denih neuskla\u0111enosti.<\/p>\n<h4>Priprema ove izjave o pristupa\u010dnosti<\/h4>\n<p>Ova je izjava sastavljena 2. sije\u010dnja 2021. godine prema Predlo\u0161ku izjave o pristupa\u010dnosti koji je u skladu s Direktivom (EU) 2016\/2102 Europskog parlamenta i Vije\u0107a o pristupa\u010dnosti<br \/>\ninternetskih stranica i mobilnih aplikacija tijela javnog sektora, a utvr\u0111en je Provedbenom odlukom Komisije (EU) 2018\/1523. Procjena uskla\u0111enosti sa zahtjevima pristupa\u010dnosti rezultat je samoprocjene Glazbene \u0161kole u Vara\u017edinu.<\/p>\n<p>Izjava je zadnji puta preispitana 2. sije\u010dnja 2023. godine.<\/p>\n<p>Glazbena \u0161kola u Vara\u017edinu \u0107e redovito revidirati ovu izjavu po otklanjanju razloga zbog kojih su pojedini sadr\u017eaji bili nepristupa\u010dni.<\/p>\n<h4>Povratne informacije i podaci za kontakt<\/h4>\n<p>Molimo korisnike ovih mre\u017enih stranica ako primijete neuskla\u0111en sadr\u017eaj koji nije obuhva\u0107en ovom izjavom da o tome obavijeste Glazbenu \u0161kolu u Vara\u017edinu. Sve upite vezane uz pristupa\u010dnost internetskih stranica Glazbene \u0161kole u Vara\u017edinu korisnici mogu uputiti putem elektroni\u010dke po\u0161te: tajnistvo@glazbena.hr.<\/p>\n<h4>Postupak pra\u0107enja provedbe propisa<\/h4>\n<p>Povjerenik za informiranje Republike Hrvatske je tijelo nadle\u017eno za pra\u0107enje uskla\u0111enosti mre\u017enih stranica i programskih rje\u0161enja za pokretne ure\u0111aje tijela g sektora sa zahtjevima pristupa\u010dnosti kao i za nadzor nad provedbom Zakona. U slu\u010daju nezadovoljavaju\u0107ih odgovora na obavijest ili zahtjev za povratne informacije o pristupa\u010dnosti ovih mre\u017enih stranica, korisnici se mogu obratiti Povjereniku za informiranje putem elektroni\u010dke po\u0161te: pristupacnost@pristupinfo.hr.<\/p>\n","protected":false},"excerpt":{"rendered":"<p>Glazbena \u0161kola u Vara\u017edinu nastoji svoje mre\u017ene stranice u\u010diniti pristupa\u010dnima u skladu sa Zakonom o pristupa\u010dnosti mre\u017enih stranica i programskih rje\u0161enja za pokretne ure\u0111aje tijela javnog sektora Republike Hrvatske (\u201eNarodne novine\u201c, broj 17\/19; dalje u tekstu: Zakon) kojim se prenosi Direktiva (EU) 2016\/2102 Europskog parlamenta i Vije\u0107a od 26. listopada 2016. o pristupa\u010dnosti internetskih stranica [&hellip;]<\/p>\n","protected":false},"author":5,"featured_media":0,"parent":0,"menu_order":0,"comment_status":"closed","ping_status":"closed","template":"","meta":{"footnotes":""},"class_list":["post-23637","page","type-page","status-publish","hentry"],"translation":{"provider":"WPGlobus","version":"3.0.0","language":"gb","enabled_languages":["hr","gb"],"languages":{"hr":{"title":true,"content":true,"excerpt":false},"gb":{"title":false,"content":false,"excerpt":false}}},"_links":{"self":[{"href":"https:\/\/glazbena.hr\/gb\/wp-json\/wp\/v2\/pages\/23637","targetHints":{"allow":["GET"]}}],"collection":[{"href":"https:\/\/glazbena.hr\/gb\/wp-json\/wp\/v2\/pages"}],"about":[{"href":"https:\/\/glazbena.hr\/gb\/wp-json\/wp\/v2\/types\/page"}],"author":[{"embeddable":true,"href":"https:\/\/glazbena.hr\/gb\/wp-json\/wp\/v2\/users\/5"}],"replies":[{"embeddable":true,"href":"https:\/\/glazbena.hr\/gb\/wp-json\/wp\/v2\/comments?post=23637"}],"version-history":[{"count":2,"href":"https:\/\/glazbena.hr\/gb\/wp-json\/wp\/v2\/pages\/23637\/revisions"}],"predecessor-version":[{"id":23639,"href":"https:\/\/glazbena.hr\/gb\/wp-json\/wp\/v2\/pages\/23637\/revisions\/23639"}],"wp:attachment":[{"href":"https:\/\/glazbena.hr\/gb\/wp-json\/wp\/v2\/media?parent=23637"}],"curies":[{"name":"wp","href":"https:\/\/api.w.org\/{rel}","templated":true}]}}

Izjava o pristupačnosti

<p>Glazbena škola u Varaždinu nastoji svoje mrežne stranice učiniti pristupačnima u skladu sa Zakonom o pristupačnosti mrežnih stranica i programskih rješenja za pokretne uređaje tijela javnog sektora Republike Hrvatske („Narodne novine“, broj 17/19; dalje u tekstu: Zakon) kojim se prenosi Direktiva (EU) 2016/2102 Europskog parlamenta i Vijeća od 26. listopada 2016. o pristupačnosti internetskih stranica i mobilnih aplikacija tijela javnog sektora (SL L 327, 2.12.2016.).</p>
<p>Ova Izjava o pristupačnosti primjenjuje se na internetske stranice Glazbene škole u Varaždinu na mrežnom mjestu https://www.glazbena.hr</p>
<h4>Stupanj usklađenosti</h4>
<p>Ove internetske stranice djelomično su usklađene sa Zakonom o pristupačnosti mrežnih stranica i programskih rješenja za pokretne uređaje tijela javnog sektora Republike Hrvatske zbog neusklađenosti koje su navedene u nastavku.</p>
<h4>Nepristupačan sadržaj</h4>
<p>Sadržaj naveden u nastavku je nepristupačan iz razloga:</p>
<ul>
<li>omogućeno je kretanje po stanici putem tipkovnice, ali odabrani HTML element nije istaknut</li>
<li>ne postoji mogućnost automatskog ispravljanja grešaka pri unosu teksta</li>
<li>ne postoji opcija uključivanja fonta za osobe s disleksijom</li>
<li>stranica nema mogućnost promjene kontrasta</li>
<li>pojedine slike nemaju pridružen odgovarajući alt opis</li>
<li>pojedine slike, grafovi i dijagrami nemaju prikladan opis</li>
<li>ikone i slike nemaju pridružen alt opis</li>
<li>dio poveznica nije označen podcrtavanjem ili na drugi dovoljno jasan način</li>
<li>kretanje putem tipkovnice nije zadovoljavajuće jer se korisnik ne dobiva informacije o prikazu skočnih prozora</li>
<li>nije osiguran alternativni pristup za nepristupačne sadržaje putem pridruženih zvučnih zapisa</li>
<li>većinu postavljenih datoteka nije moguće pročitati pomoću čitača ekrana</li>
</ul>
<p>Glazbena škola u Varaždinu radi na uklanjanju uočenih neusklađenosti.</p>
<h4>Priprema ove izjave o pristupačnosti</h4>
<p>Ova je izjava sastavljena 2. siječnja 2021. godine prema Predlošku izjave o pristupačnosti koji je u skladu s Direktivom (EU) 2016/2102 Europskog parlamenta i Vijeća o pristupačnosti<br />
internetskih stranica i mobilnih aplikacija tijela javnog sektora, a utvrđen je Provedbenom odlukom Komisije (EU) 2018/1523. Procjena usklađenosti sa zahtjevima pristupačnosti rezultat je samoprocjene Glazbene škole u Varaždinu.</p>
<p>Izjava je zadnji puta preispitana 2. siječnja 2023. godine.</p>
<p>Glazbena škola u Varaždinu će redovito revidirati ovu izjavu po otklanjanju razloga zbog kojih su pojedini sadržaji bili nepristupačni.</p>
<h4>Povratne informacije i podaci za kontakt</h4>
<p>Molimo korisnike ovih mrežnih stranica ako primijete neusklađen sadržaj koji nije obuhvaćen ovom izjavom da o tome obavijeste Glazbenu školu u Varaždinu. Sve upite vezane uz pristupačnost internetskih stranica Glazbene škole u Varaždinu korisnici mogu uputiti putem elektroničke pošte: tajnistvo@glazbena.hr.</p>
<h4>Postupak praćenja provedbe propisa</h4>
<p>Povjerenik za informiranje Republike Hrvatske je tijelo nadležno za praćenje usklađenosti mrežnih stranica i programskih rješenja za pokretne uređaje tijela g sektora sa zahtjevima pristupačnosti kao i za nadzor nad provedbom Zakona. U slučaju nezadovoljavajućih odgovora na obavijest ili zahtjev za povratne informacije o pristupačnosti ovih mrežnih stranica, korisnici se mogu obratiti Povjereniku za informiranje putem elektroničke pošte: pristupacnost@pristupinfo.hr.</p>

<p>Glazbena škola u Varaždinu nastoji svoje mrežne stranice učiniti pristupačnima u skladu sa Zakonom o pristupačnosti mrežnih stranica i programskih rješenja za pokretne uređaje tijela javnog sektora Republike Hrvatske („Narodne novine“, broj 17/19; dalje u tekstu: Zakon) kojim se prenosi Direktiva (EU) 2016/2102 Europskog parlamenta i Vijeća od 26. listopada 2016. o pristupačnosti internetskih stranica [&hellip;]</p>
