{"id":23791,"date":"2023-03-01T15:34:24","date_gmt":"2023-03-01T14:34:24","guid":{"rendered":"https:\/\/glazbena.hr\/?page_id=23791"},"modified":"2023-03-01T15:54:17","modified_gmt":"2023-03-01T14:54:17","slug":"darko-bageski","status":"publish","type":"page","link":"https:\/\/glazbena.hr\/gb\/darko-bageski\/","title":{"rendered":"Darko Bageski"},"content":{"rendered":"<p><img loading=\"lazy\" decoding=\"async\" class=\"alignnone wp-image-23793 size-medium\" src=\"https:\/\/glazbena.hr\/wp-content\/uploads\/2023\/03\/Bageski-slika-300x200.jpg\" alt=\"\" width=\"300\" height=\"200\" srcset=\"https:\/\/glazbena.hr\/wp-content\/uploads\/2023\/03\/Bageski-slika-300x200.jpg 300w, https:\/\/glazbena.hr\/wp-content\/uploads\/2023\/03\/Bageski-slika-1024x681.jpg 1024w, https:\/\/glazbena.hr\/wp-content\/uploads\/2023\/03\/Bageski-slika-768x511.jpg 768w, https:\/\/glazbena.hr\/wp-content\/uploads\/2023\/03\/Bageski-slika-1536x1022.jpg 1536w, https:\/\/glazbena.hr\/wp-content\/uploads\/2023\/03\/Bageski-slika-2048x1363.jpg 2048w\" sizes=\"auto, (max-width: 300px) 100vw, 300px\" \/><\/p>\n<p>Darko Bageski stekao je glazbeno obrazovanje u Skopju, Makedonija u klasi profesorice Jane Penov i Zagrebu u klasi profesora Xhevdet Sahatxhija, a diplomirao je na Visokoj glazbenoj \u0161koli \u201cFranz Liszt\u201d u Weimaru u klasi prof. Jurgena Rosta. \u0160kolovanje je nastavio na poslijediplomskom studiju na Nacionalnom glazbenom konzervatoriju u Solunu u klasi profesora Gerharda Reichenbacha, a magistrirao je kod profesora Costasa Cotsiolisisa.<br \/>\nOdr\u017eao je brojne koncerte i recitale u Njema\u010dkoj, Gr\u010dkoj, Bugarskoj, Hrvatskoj, Crnoj Gori, Srbiji, Makedoniji, Italiji, \u0160vedskoj, Kini i SAD-u, te sudjelovao na seminarima i masterclass predavanjima sa svjetski poznatim gitaristima: Pavel Steidel, Thomas Miller Pering, Laura Young, Zoran Duki\u0107, Aniello Desiderio, Nikita Koshkin, Ernesto Bitetti, Carlo Marchione, Oddair Assad.<br \/>\nTako\u0111er djeluje kao solist s mnogim komornim orkestrima, kao i s Makedonskom filharmonijom. Uz brojne nagrade, dobio je i nagradu Udruge glazbenih i baletnih pedagoga Makedonije za uspje\u0161an dugogodi\u0161nji rad na polju pedagogije. Trenutno radi kao redoviti profesor gitare na Fakultetu glazbenih umjetnosti u Skopju. Tako\u0111er je umjetni\u010dki direktor Tremolo Guitar Festivala u Skopju, osniva\u010d Ljetne akademije gitare u Ohridu i predsjednik Makedonske zajednice klasi\u010dne gitare.<\/p>\n","protected":false},"excerpt":{"rendered":"<p>Darko Bageski stekao je glazbeno obrazovanje u Skopju, Makedonija u klasi profesorice Jane Penov i Zagrebu u klasi profesora Xhevdet Sahatxhija, a diplomirao je na Visokoj glazbenoj \u0161koli \u201cFranz Liszt\u201d u Weimaru u klasi prof. Jurgena Rosta. \u0160kolovanje je nastavio na poslijediplomskom studiju na Nacionalnom glazbenom konzervatoriju u Solunu u klasi profesora Gerharda Reichenbacha, a [&hellip;]<\/p>\n","protected":false},"author":5,"featured_media":0,"parent":0,"menu_order":0,"comment_status":"closed","ping_status":"closed","template":"","meta":{"footnotes":""},"class_list":["post-23791","page","type-page","status-publish","hentry"],"translation":{"provider":"WPGlobus","version":"3.0.0","language":"gb","enabled_languages":["hr","gb"],"languages":{"hr":{"title":true,"content":true,"excerpt":false},"gb":{"title":false,"content":false,"excerpt":false}}},"_links":{"self":[{"href":"https:\/\/glazbena.hr\/gb\/wp-json\/wp\/v2\/pages\/23791","targetHints":{"allow":["GET"]}}],"collection":[{"href":"https:\/\/glazbena.hr\/gb\/wp-json\/wp\/v2\/pages"}],"about":[{"href":"https:\/\/glazbena.hr\/gb\/wp-json\/wp\/v2\/types\/page"}],"author":[{"embeddable":true,"href":"https:\/\/glazbena.hr\/gb\/wp-json\/wp\/v2\/users\/5"}],"replies":[{"embeddable":true,"href":"https:\/\/glazbena.hr\/gb\/wp-json\/wp\/v2\/comments?post=23791"}],"version-history":[{"count":2,"href":"https:\/\/glazbena.hr\/gb\/wp-json\/wp\/v2\/pages\/23791\/revisions"}],"predecessor-version":[{"id":23805,"href":"https:\/\/glazbena.hr\/gb\/wp-json\/wp\/v2\/pages\/23791\/revisions\/23805"}],"wp:attachment":[{"href":"https:\/\/glazbena.hr\/gb\/wp-json\/wp\/v2\/media?parent=23791"}],"curies":[{"name":"wp","href":"https:\/\/api.w.org\/{rel}","templated":true}]}}

<p><img loading="lazy" decoding="async" class="alignnone wp-image-23793 size-medium" src="https://glazbena.hr/wp-content/uploads/2023/03/Bageski-slika-300x200.jpg" alt="" width="300" height="200" srcset="https://glazbena.hr/wp-content/uploads/2023/03/Bageski-slika-300x200.jpg 300w, https://glazbena.hr/wp-content/uploads/2023/03/Bageski-slika-1024x681.jpg 1024w, https://glazbena.hr/wp-content/uploads/2023/03/Bageski-slika-768x511.jpg 768w, https://glazbena.hr/wp-content/uploads/2023/03/Bageski-slika-1536x1022.jpg 1536w, https://glazbena.hr/wp-content/uploads/2023/03/Bageski-slika-2048x1363.jpg 2048w" sizes="auto, (max-width: 300px) 100vw, 300px" /></p>
<p>Darko Bageski stekao je glazbeno obrazovanje u Skopju, Makedonija u klasi profesorice Jane Penov i Zagrebu u klasi profesora Xhevdet Sahatxhija, a diplomirao je na Visokoj glazbenoj školi “Franz Liszt” u Weimaru u klasi prof. Jurgena Rosta. Školovanje je nastavio na poslijediplomskom studiju na Nacionalnom glazbenom konzervatoriju u Solunu u klasi profesora Gerharda Reichenbacha, a magistrirao je kod profesora Costasa Cotsiolisisa.<br />
Održao je brojne koncerte i recitale u Njemačkoj, Grčkoj, Bugarskoj, Hrvatskoj, Crnoj Gori, Srbiji, Makedoniji, Italiji, Švedskoj, Kini i SAD-u, te sudjelovao na seminarima i masterclass predavanjima sa svjetski poznatim gitaristima: Pavel Steidel, Thomas Miller Pering, Laura Young, Zoran Dukić, Aniello Desiderio, Nikita Koshkin, Ernesto Bitetti, Carlo Marchione, Oddair Assad.<br />
Također djeluje kao solist s mnogim komornim orkestrima, kao i s Makedonskom filharmonijom. Uz brojne nagrade, dobio je i nagradu Udruge glazbenih i baletnih pedagoga Makedonije za uspješan dugogodišnji rad na polju pedagogije. Trenutno radi kao redoviti profesor gitare na Fakultetu glazbenih umjetnosti u Skopju. Također je umjetnički direktor Tremolo Guitar Festivala u Skopju, osnivač Ljetne akademije gitare u Ohridu i predsjednik Makedonske zajednice klasične gitare.</p>

<p>Darko Bageski stekao je glazbeno obrazovanje u Skopju, Makedonija u klasi profesorice Jane Penov i Zagrebu u klasi profesora Xhevdet Sahatxhija, a diplomirao je na Visokoj glazbenoj školi “Franz Liszt” u Weimaru u klasi prof. Jurgena Rosta. Školovanje je nastavio na poslijediplomskom studiju na Nacionalnom glazbenom konzervatoriju u Solunu u klasi profesora Gerharda Reichenbacha, a [&hellip;]</p>
