{"id":6312,"date":"2020-04-21T11:18:13","date_gmt":"2020-04-21T09:18:13","guid":{"rendered":"https:\/\/glazbena.hr\/?page_id=6312"},"modified":"2025-10-17T11:04:06","modified_gmt":"2025-10-17T10:04:06","slug":"godisnji-plan-i-program","status":"publish","type":"page","link":"https:\/\/glazbena.hr\/gb\/godisnji-plan-i-program\/","title":{"rendered":"Godi\u0161nji plan i program"},"content":{"rendered":"<p>[vc_row][vc_column][vc_column_text]Osnovni cilj glazbenog obrazovanja u Glazbenoj \u0161koli u Vara\u017edinu podrazumijeva kontinuirano i kvalitetno obrazovanje budu\u0107ih profesionalnih glazbenika, ali i postizanje \u0161to ve\u0107eg sjedinjenja s glazbom onih u\u010denika koji ne izaberu glazbenu djelatnost kao \u017eivotni poziv. Naime, upravo \u0107e ti u\u010denici ste\u0107i dovoljno znanja i vje\u0161tine na temelju kojih \u0107e se mo\u0107i glazbeno izra\u017eavati prema vlastitim potrebama i mogu\u0107nostima, kriti\u010dki promi\u0161ljati, odnosno postati obrazovana i estetski senzibilizirana publika. Vizija Glazbene \u0161kole u Vara\u017edinu se nadovezuje na cilj glazbenog obrazovanja. \u017delimo da na\u0161i u\u010denici razviju i usvoje temeljne kompetencije, znanja i vje\u0161tine za nastavak \u0161kolovanja i konkurentnost na tr\u017ei\u0161tu rada te za cjelo\u017eivotno u\u010denje. \u017delimo da na\u0161i nastavnici razvijaju individualne potrebe i potencijale u\u010denika u skladu s civilizacijskim vrijednostima, zahtjevima visoko\u0161kolskih obrazovnih ustanova i tr\u017ei\u0161ta rada.<br \/>\nUmjetni\u010dki glazbeni odgoj u Glazbenoj \u0161koli u Vara\u017edinu usmjeren je na razvoj stvarala\u010dkog izraza i divergentnog mi\u0161ljenja u\u010denika te na odgoj i obrazovanje za umjetnost i kroz umjetnost.<\/p>\n<p><a href=\"https:\/\/glazbena.hr\/wp-content\/uploads\/2025\/10\/Skolski-kurikulum-Glazbene-skole-u-Varazdinu-u-sk.god_.-2025.2026.pdf\" target=\"_blank\" rel=\"noopener\">\u0160kolski kurikulum Glazbene \u0161kole u Vara\u017edinu u \u0161k.god. 2025.2026.<\/a><\/p>\n<p><a href=\"https:\/\/glazbena.hr\/wp-content\/uploads\/2025\/10\/Godisnji-plan-i-program-rada-Glazbene-skole-u-Varazdinu-za-sk.-god.-2025.2026.pdf\" target=\"_blank\" rel=\"noopener\">Godi\u0161nji plan i program rada Glazbene \u0161kole u Vara\u017edinu za \u0161k. god. 2025.2026.<\/a><\/p>\n<p><a href=\"https:\/\/glazbena.hr\/wp-content\/uploads\/2025\/07\/Izmjene-i-dopune-Godisnjeg-plana-i-programa-rada-za-sk.-god.-2024.2025.pdf\" target=\"_blank\" rel=\"noopener\">Izmjene i dopune Godi\u0161njeg plana i programa rada za \u0161k. god. 2024.2025.<\/a><\/p>\n<p><a href=\"https:\/\/glazbena.hr\/wp-content\/uploads\/2025\/01\/Izmjene-i-dopune-Godisnjeg-plana-i-program-rada-Glazbene-skole-u-Varazdinu-za-sk.-god.-2024.2025.pdf\" target=\"_blank\" rel=\"noopener\">Izmjene i dopune Godi\u0161njeg plana i program rada Glazbene \u0161kole u Vara\u017edinu za \u0161k. god. 2024.2025.<\/a><\/p>\n<p><a href=\"https:\/\/glazbena.hr\/wp-content\/uploads\/2024\/10\/Godisnji-plan-i-program-rada-Glazbene-skole-u-Varazdinu-za-sk.-god.-2024.2025.pdf\" target=\"_blank\" rel=\"noopener\">Godi\u0161nji plan i program rada Glazbene \u0161kole u Vara\u017edinu za \u0161k. god. 2024.2025.<\/a><\/p>\n<p><a href=\"https:\/\/glazbena.hr\/wp-content\/uploads\/2024\/10\/Skolski-kurikulum-Glazbene-skole-u-Varazdinu-sk.god_.-2024.2025.pdf\" target=\"_blank\" rel=\"noopener\">\u0160kolski kurikulum Glazbene \u0161kole u Vara\u017edinu &#8211; \u0161k. god. 2024.2025<\/a><\/p>\n<p><a href=\"https:\/\/glazbena.hr\/wp-content\/uploads\/2023\/10\/Godisnji-plan-i-programa-rada-za-sk.-god.-2023.2024..pdf\" target=\"_blank\" rel=\"noopener\">Godi\u0161nji plan i programa rada za \u0161k. god. 2023.2024.<\/a><\/p>\n<p><a href=\"https:\/\/glazbena.hr\/wp-content\/uploads\/2023\/10\/Skolski-kurikulum-sk.god_.-2023.2024..pdf\" target=\"_blank\" rel=\"noopener\">\u0160kolski kurikulum \u0161k. god. 2023.2024.<\/a><\/p>\n<p><a href=\"https:\/\/glazbena.hr\/wp-content\/uploads\/2022\/10\/GODISNJI-PLAN-I-PROGRAM-RADA-2022.-2023.pdf\" target=\"_blank\" rel=\"noopener\">Godi\u0161nji plan i program rada &#8211; 2022.-2023<\/a><\/p>\n<p><a href=\"https:\/\/glazbena.hr\/wp-content\/uploads\/2022\/10\/Skolski-kurikulum-Glazbena-skola-u-Varazdinu-2022-2023.pdf\" target=\"_blank\" rel=\"noopener\">\u0160kolski kurikulum &#8211; Glazbena \u0161kola u Vara\u017edinu &#8211; 2022-2023<\/a><\/p>\n<p><a href=\"https:\/\/glazbena.hr\/wp-content\/uploads\/2021\/10\/GPP-Glazbena-skola-u-Varazdinu-2021.2022.-7.10.2021..pdf\" target=\"_blank\" rel=\"noopener\">Godi\u0161nji plan i program Glazbene \u0161kole u Vara\u017edinu &#8211; 2021.2022. &#8211; 7.10.2021.<\/a><\/p>\n<p><a href=\"https:\/\/glazbena.hr\/wp-content\/uploads\/2021\/10\/Skolski-kurikulum-Glazbena-skola-u-Varazdinu-2021-2022.pdf\" target=\"_blank\" rel=\"noopener\">\u0160kolski kurikulum &#8211; Glazbena \u0161kola u Vara\u017edinu &#8211; 2021-2022<\/a><\/p>\n<p><a href=\"https:\/\/glazbena.hr\/wp-content\/uploads\/2020\/10\/Godisnji-plan-i-program-rada-Glazbene-skole-u-Varazdinu-u-sk.god_.-2020.2021.pdf\">Godi\u0161nji plan i program rada Glazbene \u0161kole u Vara\u017edinu u \u0161kolskoj godini 2020.-2021.<\/a><\/p>\n<p><a href=\"https:\/\/glazbena.hr\/wp-content\/uploads\/2020\/10\/Skolski-kurikulum-Glazbene-skole-u-Varazdinu-sk.god_.-2020-2021.pdf\">\u0160kolski kurikulum Glazbene \u0161kole u Vara\u017edinu &#8211; \u0161kolska godina 2020.-2021.<\/a><\/p>\n<p><a href=\"https:\/\/glazbena.hr\/wp-content\/uploads\/2019\/10\/GODI\u0160NJI-PLAN-I-PROGRAM-RADA-2019.-2020.-najnovije-7.10.2019.pdf\">Godi\u0161nji plan i program rada Glazbene \u0161kole u Vara\u017edinu &#8211; 2019.-2020.<\/a><\/p>\n<p><a href=\"https:\/\/glazbena.hr\/wp-content\/uploads\/2019\/10\/\u0160kolski-kurikulum-Glazbena-\u0161kola-u-Vara\u017edinu-2019-2020..pdf\">\u0160kolski kurikulum Glazbene \u0161kole u Vara\u017edinu &#8211; 2019-2020.<\/a><\/p>\n<p><a href=\"https:\/\/glazbena.hr\/wp-content\/uploads\/2020\/03\/Statut-Glazbene-\u0161kole-u-Vara\u017edinu-2.3.-2020..pdf\">Statut Glazbene \u0161kole u Vara\u017edinu &#8211; 2.3. 2020.<\/a>[\/vc_column_text][\/vc_column][\/vc_row]<\/p>\n","protected":false},"excerpt":{"rendered":"<p>[vc_row][vc_column][vc_column_text]Osnovni cilj glazbenog obrazovanja u Glazbenoj \u0161koli u Vara\u017edinu podrazumijeva kontinuirano i kvalitetno obrazovanje budu\u0107ih profesionalnih glazbenika, ali i postizanje \u0161to ve\u0107eg sjedinjenja s glazbom onih u\u010denika koji ne izaberu glazbenu djelatnost kao \u017eivotni poziv. Naime, upravo \u0107e ti u\u010denici ste\u0107i dovoljno znanja i vje\u0161tine na temelju kojih \u0107e se mo\u0107i glazbeno izra\u017eavati prema vlastitim [&hellip;]<\/p>\n","protected":false},"author":5,"featured_media":0,"parent":0,"menu_order":0,"comment_status":"closed","ping_status":"closed","template":"","meta":{"footnotes":""},"class_list":["post-6312","page","type-page","status-publish","hentry"],"translation":{"provider":"WPGlobus","version":"3.0.0","language":"gb","enabled_languages":["hr","gb"],"languages":{"hr":{"title":true,"content":true,"excerpt":false},"gb":{"title":false,"content":false,"excerpt":false}}},"_links":{"self":[{"href":"https:\/\/glazbena.hr\/gb\/wp-json\/wp\/v2\/pages\/6312","targetHints":{"allow":["GET"]}}],"collection":[{"href":"https:\/\/glazbena.hr\/gb\/wp-json\/wp\/v2\/pages"}],"about":[{"href":"https:\/\/glazbena.hr\/gb\/wp-json\/wp\/v2\/types\/page"}],"author":[{"embeddable":true,"href":"https:\/\/glazbena.hr\/gb\/wp-json\/wp\/v2\/users\/5"}],"replies":[{"embeddable":true,"href":"https:\/\/glazbena.hr\/gb\/wp-json\/wp\/v2\/comments?post=6312"}],"version-history":[{"count":8,"href":"https:\/\/glazbena.hr\/gb\/wp-json\/wp\/v2\/pages\/6312\/revisions"}],"predecessor-version":[{"id":39641,"href":"https:\/\/glazbena.hr\/gb\/wp-json\/wp\/v2\/pages\/6312\/revisions\/39641"}],"wp:attachment":[{"href":"https:\/\/glazbena.hr\/gb\/wp-json\/wp\/v2\/media?parent=6312"}],"curies":[{"name":"wp","href":"https:\/\/api.w.org\/{rel}","templated":true}]}}

Godišnji plan i program

<p>[vc_row][vc_column][vc_column_text]Osnovni cilj glazbenog obrazovanja u Glazbenoj školi u Varaždinu podrazumijeva kontinuirano i kvalitetno obrazovanje budućih profesionalnih glazbenika, ali i postizanje što većeg sjedinjenja s glazbom onih učenika koji ne izaberu glazbenu djelatnost kao životni poziv. Naime, upravo će ti učenici steći dovoljno znanja i vještine na temelju kojih će se moći glazbeno izražavati prema vlastitim potrebama i mogućnostima, kritički promišljati, odnosno postati obrazovana i estetski senzibilizirana publika. Vizija Glazbene škole u Varaždinu se nadovezuje na cilj glazbenog obrazovanja. Želimo da naši učenici razviju i usvoje temeljne kompetencije, znanja i vještine za nastavak školovanja i konkurentnost na tržištu rada te za cjeloživotno učenje. Želimo da naši nastavnici razvijaju individualne potrebe i potencijale učenika u skladu s civilizacijskim vrijednostima, zahtjevima visokoškolskih obrazovnih ustanova i tržišta rada.<br />
Umjetnički glazbeni odgoj u Glazbenoj školi u Varaždinu usmjeren je na razvoj stvaralačkog izraza i divergentnog mišljenja učenika te na odgoj i obrazovanje za umjetnost i kroz umjetnost.</p>
<p><a href="https://glazbena.hr/wp-content/uploads/2025/10/Skolski-kurikulum-Glazbene-skole-u-Varazdinu-u-sk.god_.-2025.2026.pdf" target="_blank" rel="noopener">Školski kurikulum Glazbene škole u Varaždinu u šk.god. 2025.2026.</a></p>
<p><a href="https://glazbena.hr/wp-content/uploads/2025/10/Godisnji-plan-i-program-rada-Glazbene-skole-u-Varazdinu-za-sk.-god.-2025.2026.pdf" target="_blank" rel="noopener">Godišnji plan i program rada Glazbene škole u Varaždinu za šk. god. 2025.2026.</a></p>
<p><a href="https://glazbena.hr/wp-content/uploads/2025/07/Izmjene-i-dopune-Godisnjeg-plana-i-programa-rada-za-sk.-god.-2024.2025.pdf" target="_blank" rel="noopener">Izmjene i dopune Godišnjeg plana i programa rada za šk. god. 2024.2025.</a></p>
<p><a href="https://glazbena.hr/wp-content/uploads/2025/01/Izmjene-i-dopune-Godisnjeg-plana-i-program-rada-Glazbene-skole-u-Varazdinu-za-sk.-god.-2024.2025.pdf" target="_blank" rel="noopener">Izmjene i dopune Godišnjeg plana i program rada Glazbene škole u Varaždinu za šk. god. 2024.2025.</a></p>
<p><a href="https://glazbena.hr/wp-content/uploads/2024/10/Godisnji-plan-i-program-rada-Glazbene-skole-u-Varazdinu-za-sk.-god.-2024.2025.pdf" target="_blank" rel="noopener">Godišnji plan i program rada Glazbene škole u Varaždinu za šk. god. 2024.2025.</a></p>
<p><a href="https://glazbena.hr/wp-content/uploads/2024/10/Skolski-kurikulum-Glazbene-skole-u-Varazdinu-sk.god_.-2024.2025.pdf" target="_blank" rel="noopener">Školski kurikulum Glazbene škole u Varaždinu &#8211; šk. god. 2024.2025</a></p>
<p><a href="https://glazbena.hr/wp-content/uploads/2023/10/Godisnji-plan-i-programa-rada-za-sk.-god.-2023.2024..pdf" target="_blank" rel="noopener">Godišnji plan i programa rada za šk. god. 2023.2024.</a></p>
<p><a href="https://glazbena.hr/wp-content/uploads/2023/10/Skolski-kurikulum-sk.god_.-2023.2024..pdf" target="_blank" rel="noopener">Školski kurikulum šk. god. 2023.2024.</a></p>
<p><a href="https://glazbena.hr/wp-content/uploads/2022/10/GODISNJI-PLAN-I-PROGRAM-RADA-2022.-2023.pdf" target="_blank" rel="noopener">Godišnji plan i program rada &#8211; 2022.-2023</a></p>
<p><a href="https://glazbena.hr/wp-content/uploads/2022/10/Skolski-kurikulum-Glazbena-skola-u-Varazdinu-2022-2023.pdf" target="_blank" rel="noopener">Školski kurikulum &#8211; Glazbena škola u Varaždinu &#8211; 2022-2023</a></p>
<p><a href="https://glazbena.hr/wp-content/uploads/2021/10/GPP-Glazbena-skola-u-Varazdinu-2021.2022.-7.10.2021..pdf" target="_blank" rel="noopener">Godišnji plan i program Glazbene škole u Varaždinu &#8211; 2021.2022. &#8211; 7.10.2021.</a></p>
<p><a href="https://glazbena.hr/wp-content/uploads/2021/10/Skolski-kurikulum-Glazbena-skola-u-Varazdinu-2021-2022.pdf" target="_blank" rel="noopener">Školski kurikulum &#8211; Glazbena škola u Varaždinu &#8211; 2021-2022</a></p>
<p><a href="https://glazbena.hr/wp-content/uploads/2020/10/Godisnji-plan-i-program-rada-Glazbene-skole-u-Varazdinu-u-sk.god_.-2020.2021.pdf">Godišnji plan i program rada Glazbene škole u Varaždinu u školskoj godini 2020.-2021.</a></p>
<p><a href="https://glazbena.hr/wp-content/uploads/2020/10/Skolski-kurikulum-Glazbene-skole-u-Varazdinu-sk.god_.-2020-2021.pdf">Školski kurikulum Glazbene škole u Varaždinu &#8211; školska godina 2020.-2021.</a></p>
<p><a href="https://glazbena.hr/wp-content/uploads/2019/10/GODIŠNJI-PLAN-I-PROGRAM-RADA-2019.-2020.-najnovije-7.10.2019.pdf">Godišnji plan i program rada Glazbene škole u Varaždinu &#8211; 2019.-2020.</a></p>
<p><a href="https://glazbena.hr/wp-content/uploads/2019/10/Školski-kurikulum-Glazbena-škola-u-Varaždinu-2019-2020..pdf">Školski kurikulum Glazbene škole u Varaždinu &#8211; 2019-2020.</a></p>
<p><a href="https://glazbena.hr/wp-content/uploads/2020/03/Statut-Glazbene-škole-u-Varaždinu-2.3.-2020..pdf">Statut Glazbene škole u Varaždinu &#8211; 2.3. 2020.</a>[/vc_column_text][/vc_column][/vc_row]</p>

<p>[vc_row][vc_column][vc_column_text]Osnovni cilj glazbenog obrazovanja u Glazbenoj školi u Varaždinu podrazumijeva kontinuirano i kvalitetno obrazovanje budućih profesionalnih glazbenika, ali i postizanje što većeg sjedinjenja s glazbom onih učenika koji ne izaberu glazbenu djelatnost kao životni poziv. Naime, upravo će ti učenici steći dovoljno znanja i vještine na temelju kojih će se moći glazbeno izražavati prema vlastitim [&hellip;]</p>
