{"id":995,"date":"2018-08-31T09:37:19","date_gmt":"2018-08-31T09:37:19","guid":{"rendered":"https:\/\/glazbena.hr\/wp\/?page_id=995"},"modified":"2024-08-25T10:38:00","modified_gmt":"2024-08-25T09:38:00","slug":"harmonika-orgulje-i-udaraljke","status":"publish","type":"page","link":"https:\/\/glazbena.hr\/gb\/harmonika-orgulje-i-udaraljke\/","title":{"rendered":"Accordion, organ and percussion"},"content":{"rendered":"<p><strong>HEAD OF THE DEPARTMENT<\/strong><\/p>\n<p>&nbsp;<\/p>\n<p><img loading=\"lazy\" decoding=\"async\" class=\"alignnone wp-image-31628 size-medium\" src=\"https:\/\/glazbena.hr\/wp-content\/uploads\/2024\/08\/WhatsApp-Image-2024-08-23-at-09.38.35-200x300.jpeg\" alt=\"\" width=\"200\" height=\"300\" srcset=\"https:\/\/glazbena.hr\/wp-content\/uploads\/2024\/08\/WhatsApp-Image-2024-08-23-at-09.38.35-200x300.jpeg 200w, https:\/\/glazbena.hr\/wp-content\/uploads\/2024\/08\/WhatsApp-Image-2024-08-23-at-09.38.35-683x1024.jpeg 683w, https:\/\/glazbena.hr\/wp-content\/uploads\/2024\/08\/WhatsApp-Image-2024-08-23-at-09.38.35-768x1152.jpeg 768w, https:\/\/glazbena.hr\/wp-content\/uploads\/2024\/08\/WhatsApp-Image-2024-08-23-at-09.38.35-1024x1536.jpeg 1024w, https:\/\/glazbena.hr\/wp-content\/uploads\/2024\/08\/WhatsApp-Image-2024-08-23-at-09.38.35.jpeg 1323w\" sizes=\"auto, (max-width: 200px) 100vw, 200px\" \/><\/p>\n<p><strong>Igor Magdaleni\u0107<\/strong><\/p>\n<p>In 2004 Igor Magdaleni\u0107 enrolled in the high school of Vara\u017edin School of Music, where in 2008 he graduated in the class of prof. Ivan Luk\u0161i\u0107. He continued his education at the Music academy in Sarajevo in the class of professor Joakim Anterot and in 2012 he is finished his bachelor&#8217;s studies, majoring in percussion in the class of professor Davor Maraus.<br \/>\nDuring his studies at the music academy, he went on a student exchange trip to Indonesia (2013-2014) under the &#8220;Darmasisswa&#8221; program with the aim of getting to know traditions and cultural exchange. In the time spent at the &#8220;Bandung Art Institute&#8221;, his main focus was the study of traditional music and instruments from the Gamelan orchestra. 2015 he finished his Master&#8217;s degree in percussion at the Academy of Music in Sarajevo under the mentorship of professor Davor Maraus. In 2018 he attended a specialization in traditional instruments and percussion music in Indonesia at the Indonesian Institute of Arts and Culture.<br \/>\nDuring his education from 2010 to 2012 he was a partner in the preparation of art projects (Museum of Contemporary Art &#8220;Ars Aevi&#8221;, Sarajevo). He was a part of the organizational team of the International Chamber Music Festival &#8220;Sarajevo Chamber Music Festival&#8221; from 2012 to 2015 and an expert associate of the project &#8220;Sarajevo Sonic Studio&#8221; on the plan of preparation and artistic realization of the contemporary music program produced by the Music Academy in Sarajevo, the French Institute in BiH and the Goethe-Institut. From 2015 to 2018 in Zagreb, he led music workshops of the Gamelan orchestra with the aim of promoting and popularizing Indonesian instruments and music on the territory of the Republic of Croatia.<br \/>\nThrough his artistic work, some of the performances stand out &#8211; Sonemus Fest: Festival of contemporary music &#8220;Bata Rubuh&#8221; for gamelan trio, John Cage: &#8220;Happy New Ears&#8221;, all-night concert for ensemble: &#8220;Living room music&#8221; and &#8220;Second construction in metal&#8221; and Sarajevo Sonic Studio: Contemporary Music Festival &#8211; Vinko Globokar: &#8220;Par une foret de symbolesza sextet ad libitum&#8221;.<br \/>\nHe has been teaching since 2015 as a percussion teacher at the Vara\u017edin School of Music. His commitment to working with students is also evident through numerous competitions where his students achieve excellent results.<\/p>\n","protected":false},"excerpt":{"rendered":"<p>HEAD OF THE DEPARTMENT &nbsp; Igor Magdaleni\u0107 In 2004 Igor Magdaleni\u0107 enrolled in the high school of Vara\u017edin School of Music, where in 2008 he graduated in the class of prof. Ivan Luk\u0161i\u0107. He continued his education at the Music academy in Sarajevo in the class of professor Joakim Anterot and in 2012 he is [&hellip;]<\/p>\n","protected":false},"author":5,"featured_media":0,"parent":0,"menu_order":0,"comment_status":"closed","ping_status":"closed","template":"","meta":{"footnotes":""},"class_list":["post-995","page","type-page","status-publish","hentry"],"translation":{"provider":"WPGlobus","version":"3.0.0","language":"gb","enabled_languages":["hr","gb"],"languages":{"hr":{"title":true,"content":true,"excerpt":false},"gb":{"title":true,"content":true,"excerpt":false}}},"_links":{"self":[{"href":"https:\/\/glazbena.hr\/gb\/wp-json\/wp\/v2\/pages\/995","targetHints":{"allow":["GET"]}}],"collection":[{"href":"https:\/\/glazbena.hr\/gb\/wp-json\/wp\/v2\/pages"}],"about":[{"href":"https:\/\/glazbena.hr\/gb\/wp-json\/wp\/v2\/types\/page"}],"author":[{"embeddable":true,"href":"https:\/\/glazbena.hr\/gb\/wp-json\/wp\/v2\/users\/5"}],"replies":[{"embeddable":true,"href":"https:\/\/glazbena.hr\/gb\/wp-json\/wp\/v2\/comments?post=995"}],"version-history":[{"count":2,"href":"https:\/\/glazbena.hr\/gb\/wp-json\/wp\/v2\/pages\/995\/revisions"}],"predecessor-version":[{"id":31630,"href":"https:\/\/glazbena.hr\/gb\/wp-json\/wp\/v2\/pages\/995\/revisions\/31630"}],"wp:attachment":[{"href":"https:\/\/glazbena.hr\/gb\/wp-json\/wp\/v2\/media?parent=995"}],"curies":[{"name":"wp","href":"https:\/\/api.w.org\/{rel}","templated":true}]}}

<p><strong>HEAD OF THE DEPARTMENT</strong></p>
<p>&nbsp;</p>
<p><img loading="lazy" decoding="async" class="alignnone wp-image-31628 size-medium" src="https://glazbena.hr/wp-content/uploads/2024/08/WhatsApp-Image-2024-08-23-at-09.38.35-200x300.jpeg" alt="" width="200" height="300" srcset="https://glazbena.hr/wp-content/uploads/2024/08/WhatsApp-Image-2024-08-23-at-09.38.35-200x300.jpeg 200w, https://glazbena.hr/wp-content/uploads/2024/08/WhatsApp-Image-2024-08-23-at-09.38.35-683x1024.jpeg 683w, https://glazbena.hr/wp-content/uploads/2024/08/WhatsApp-Image-2024-08-23-at-09.38.35-768x1152.jpeg 768w, https://glazbena.hr/wp-content/uploads/2024/08/WhatsApp-Image-2024-08-23-at-09.38.35-1024x1536.jpeg 1024w, https://glazbena.hr/wp-content/uploads/2024/08/WhatsApp-Image-2024-08-23-at-09.38.35.jpeg 1323w" sizes="auto, (max-width: 200px) 100vw, 200px" /></p>
<p><strong>Igor Magdalenić</strong></p>
<p>In 2004 Igor Magdalenić enrolled in the high school of Varaždin School of Music, where in 2008 he graduated in the class of prof. Ivan Lukšić. He continued his education at the Music academy in Sarajevo in the class of professor Joakim Anterot and in 2012 he is finished his bachelor&#8217;s studies, majoring in percussion in the class of professor Davor Maraus.<br />
During his studies at the music academy, he went on a student exchange trip to Indonesia (2013-2014) under the &#8220;Darmasisswa&#8221; program with the aim of getting to know traditions and cultural exchange. In the time spent at the &#8220;Bandung Art Institute&#8221;, his main focus was the study of traditional music and instruments from the Gamelan orchestra. 2015 he finished his Master&#8217;s degree in percussion at the Academy of Music in Sarajevo under the mentorship of professor Davor Maraus. In 2018 he attended a specialization in traditional instruments and percussion music in Indonesia at the Indonesian Institute of Arts and Culture.<br />
During his education from 2010 to 2012 he was a partner in the preparation of art projects (Museum of Contemporary Art &#8220;Ars Aevi&#8221;, Sarajevo). He was a part of the organizational team of the International Chamber Music Festival &#8220;Sarajevo Chamber Music Festival&#8221; from 2012 to 2015 and an expert associate of the project &#8220;Sarajevo Sonic Studio&#8221; on the plan of preparation and artistic realization of the contemporary music program produced by the Music Academy in Sarajevo, the French Institute in BiH and the Goethe-Institut. From 2015 to 2018 in Zagreb, he led music workshops of the Gamelan orchestra with the aim of promoting and popularizing Indonesian instruments and music on the territory of the Republic of Croatia.<br />
Through his artistic work, some of the performances stand out &#8211; Sonemus Fest: Festival of contemporary music &#8220;Bata Rubuh&#8221; for gamelan trio, John Cage: &#8220;Happy New Ears&#8221;, all-night concert for ensemble: &#8220;Living room music&#8221; and &#8220;Second construction in metal&#8221; and Sarajevo Sonic Studio: Contemporary Music Festival &#8211; Vinko Globokar: &#8220;Par une foret de symbolesza sextet ad libitum&#8221;.<br />
He has been teaching since 2015 as a percussion teacher at the Varaždin School of Music. His commitment to working with students is also evident through numerous competitions where his students achieve excellent results.</p>

<p>HEAD OF THE DEPARTMENT &nbsp; Igor Magdalenić In 2004 Igor Magdalenić enrolled in the high school of Varaždin School of Music, where in 2008 he graduated in the class of prof. Ivan Lukšić. He continued his education at the Music academy in Sarajevo in the class of professor Joakim Anterot and in 2012 he is [&hellip;]</p>
